*z. Suppose 175*p - 178 - 172 = 0. Give q(p).
0
Let l(o) be the first derivative of -o**2/2 - o - 44. Determine l(0).
-1
Let d be (-12)/(-10)*19/(171/15). Let j(m) = 15*m**2 + m. Give j(d).
62
Let t(r) be the second derivative of r**3/2 + r**2/2 + 14*r. Suppose -5*c + 4 + 6 = 0. Determine t(c).
7
Let u(r) = -r**3 + 8*r**2 - 2*r - 20. Let i be u(6). Suppose -11*w - i - 26 = 0. Let t(y) = y + 13. Give t(w).
7
Let r(x) = -41*x**3 + 19*x**2 - 13*x + 8. Let n(g) = -8*g**3 + g - 1. Let b(s) = -5*n(s) + r(s). What is b(18)?
13
Let b(s) = -s**3 + 3. Let f be b(0). Let x(r) be the second derivative of -3/2*r**2 + 1/20*r**5 + 0 - 1/6*r**4 + 1/3*r**3 + 13*r. Determine x(f).
12
Suppose 3*d + 0 = -3. Let x(q) be the third derivative of 0 + 0*q**3 + 0*q - 5/24*q**4 - 9*q**2. Calculate x(d).
5
Suppose -13 = 5*d - 14*n + 15*n, 0 = 2*n + 6. Let y(b) = b**3 + 3*b**2 + 1. What is y(d)?
5
Let b(k) be the third derivative of -k**8/20160 - k**7/840 + k**6/360 - k**5/30 + 10*k**2. Let p(r) be the third derivative of b(r). Calculate p(-6).
2
Suppose -8*p = -2*p. Let i(v) = -v**2 + v - 6. Calculate i(p).
-6
Let f(g) = -6 - 3111*g**2 - 9*g - g**3 + 0*g + 3119*g**2. What is f(7)?
-20
Let r(t) be the first derivative of t**4/12 + 4*t**3/3 - 10*t - 3. Let i(f) be the first derivative of r(f). Determine i(-7).
-7
Let x(a) = -5*a**3 - a**2 - a + 1. Suppose 13*b - 22*b + 9 = 0. Let d(r) = r**2 + 5*r + 7. Let v be d(-5). Suppose 0 = v*w - 6 - b. Give x(w).
-6
Let y(u) be the third derivative of 7/6*u**3 + 0 + 1/120*u**6 + 6*u**2 + 7/24*u**4 + 0*u - 2/15*u**5. Suppose 0 = 2*l + 2, 0*l = 5*r + l - 34. Calculate y(r).
7
Let j(i) = 2*i**2 + i + 2. Let r(k) = 3*k - 55. Let q be r(19). Give j(q).
12
Let o(m) = m + 3. Let w be ((-135)/30)/((-4)/8). Give o(w).
12
Let f(w) be the second derivative of w**6/120 + w**5/10 + w**4/4 - 7*w**3/6 - 11*w**2 + 3*w + 4. Let j(x) be the first derivative of f(x). What is j(-5)?
-12
Let h(s) = 20*s - 5 + s**2 - 14*s - 1. Give h(-6).
-6
Let d(a) = -a**2 + 5*a + 5. Let b(c) = -4*c - 11. Let g = -22 - -18. Let t be b(g). What is d(t)?
5
Let u = 9 + -2. Let p(r) = r**3 - 6*r**2 - 6*r - 5. Let n be p(u). Let t(w) = -4 - 2*w**2 + 6*w**2 - 3*w**2 - 2*w**n + 7*w. What is t(5)?
6
Let s(g) = -7*g**2 - 4632 - 11*g - g**3 + 4620 + 4*g**3 - 2*g**3. Determine s(9).
51
Let x(b) = b**2 + 1. Let o be 16/2 - (-12)/(-3). Let k = 6 + -2. Let p = o - k. Give x(p).
1
Let u(y) = -y**3 + 3*y**2 - y + 7. Let q(f) = f**2 + 31*f + 61. Let h be q(-29). Calculate u(h).
4
Let w(i) = -i. Let m(y) be the third derivative of -y**4/6 + y**3 - 7*y**2. Let r be m(-4). Suppose 0 = -5*t + 25, 5*a - 2*t = a - r. Determine w(a).
3
Suppose 135*a - 10 = 133*a. Suppose 5*k = 6*k. Suppose k = 5*p + 2*l + 35, 3*p - l = p - a. Let f(n) = -n**2 - 6*n + 1. What is f(p)?
6
Let h(c) = -c + 5. Let t be h(3). Suppose 17 = v - 5*u, 0 = 2*v + 2*u - 3 + 5. Let j(r) = -2 + 4 - 4*r**v - 1 + 3*r**t - r**3. Calculate j(2).
-11
Let c(t) = -2665 - 2*t**2 - 4*t + 2665 + t**3. Determine c(3).
-3
Let p(a) = a**2 + 8*a - 61. Let f be p(-13). Let r(h) be the second derivative of 0*h**2 - 5*h + 1/12*h**f + 0 - h**3. Determine r(5).
-5
Let p(r) = 13*r**3 - 25*r**2 + 32*r - 38. Let c(t) = -8*t**3 + 16*t**2 - 21*t + 25. Let g(w) = 8*c(w) + 5*p(w). What is g(-5)?
0
Let s be ((0 - -9) + 3)*2/(-3). Let r be 3/6 + 20/s. Let l(y) = y**3 + y**2 - 2*y - 2. What is l(r)?
-2
Let d = 2 + -7. Let q(f) be the third derivative of -f**5/120 - f**4/8 - 5*f**3/6 - 4*f**2. Let y(s) be the first derivative of q(s). Give y(d).
2
Let p(u) = -3*u**2 + 22*u + 17. Let z(c) = -4*c**2 + 27*c + 20. Let w(o) = -5*p(o) + 4*z(o). Suppose h + h + 8 = 0. What is w(h)?
-13
Let d(p) = p**2 - 27*p - 7. Let h be d(27). Let u be (-182)/13 - (h + 2). Let q(i) = i + 13. Give q(u).
4
Let w(u) be the second derivative of -u**4/12 - u**3 - 3*u**2 + u + 48. Give w(-7).
-13
Let a(s) = s - 3. Let f be ((2 - 2) + 0)*-1. Suppose -z + 4 = -3*c - f, 0 = -2*z - 5*c + 19. Let l be (-9)/21 + (-18)/z. Calculate a(l).
-6
Let m(d) = -4*d + 3. Let l be -7*(0 + 4/(-14)). Suppose 0 = l*c + c. Let i = c + 2. Determine m(i).
-5
Let k be -4 + 29 + -4 + -1. Suppose -5*u - k = -5*x, -2*u = -3*u + 2. Let j(t) = -t**3 + 6*t**2 + 2*t - 8. What is j(x)?
4
Let q = 53 + -50. Let j(u) = -u**q + 5*u - u**2 + 3*u**3 - 1 - u**3 - 6*u. Determine j(3).
14
Let h(f) = f + 1. Let v be (77/(-33))/(-2 - (-10)/6). What is h(v)?
8
Let l(n) = 4*n**3 - 3*n - 2. Let b be (1 - (-15)/(-6))/((-3)/(-4)). Calculate l(b).
-28
Let c(w) be the first derivative of -w**2/2 + 3*w - 2. Let o be c(1). Let r(h) = -7*h + 5*h + 5 - 3*h - h**2 - o*h. Determine r(-7).
5
Let b be (-2)/9 - 6/(-27). Let f = 56 + -53. Let h(q) = 2*q**f + b*q**3 - 4*q**2 - 7*q - q**3. Determine h(5).
-10
Suppose 5*w = -22 + 2. Let j(o) be the first derivative of -o**5/20 - o**4/4 + 7*o**3/6 + 3*o**2 + 2*o + 2. Let c(f) be the first derivative of j(f). Give c(w).
-6
Let t(p) = -p**2 - 2*p + 6. Suppose 0 = 5*u - 3*b + 12 - 3, -3*u = 3*b + 15. Give t(u).
3
Let c(b) be the first derivative of b**2/2 + 20*b + 483. Determine c(-9).
11
Let w(s) be the first derivative of 1/3*s**3 + 18 + 9/2*s**2 - 6*s. Determine w(-9).
-6
Let c(n) = n**3 - 2*n**2 - 37*n + 9. Let z be c(7). Let j(b) = -b**3 - 5*b**2 - 2*b - 5. What is j(z)?
5
Let i(k) = k**3 + 3*k**2 + 2*k + 2. Let g be i(-2). Let t(r) = -21 - g*r + 4*r + 19. What is t(-6)?
-14
Let z(s) = -5*s**2 - 8*s + 21. Let w(p) = -12*p**2 - 17*p + 44. Let c(l) = -2*w(l) + 5*z(l). Determine c(-9).
-10
Let t(o) = 1 + 625*o**2 - 9*o + 3*o - o**3 - 631*o**2. Determine t(-5).
6
Let m(i) = i - 4. Suppose 0 = 3*g + 2*g + 10, 4*d = -g - 18. Determine m(d).
-8
Let k(i) = i**2 - 70 + 146 - 76. Determine k(1).
1
Let n(x) = -2*x + 1. Let a(z) = -z**2 + 7*z - 16. Let u(s) = a(s) + 4*n(s). Determine u(0).
-12
Suppose -k = -2*r - 9, k - 2*r - 3 = 6*k. Let o(h) = h**2 + h + 2. Let d(u) = u**3 + 2*u**2 + u + 3. Let f(x) = 2*d(x) - 3*o(x). What is f(k)?
2
Let o(l) = -l**3 - l**2 - l + 3. Let j(x) = 5*x**3 + 5*x**2 + 4*x - 13. Let n(g) = -2*j(g) - 9*o(g). What is n(-2)?
1
Let d(r) = 5*r**2 - 2*r - 3. Let i(h) = -21*h**2 + 9*h + 13. Let a(v) = -2*v**3 + v + 1. Let k be a(-1). Let t(n) = k*i(n) + 9*d(n). Determine t(2).
11
Let r(o) be the first derivative of o**3/3 + 3*o**2 - 9*o + 182. What is r(-9)?
18
Let w(n) = -4*n**2 + 46*n + 29. Let r be w(12). Let m(z) be the first derivative of -z - r + 1/2*z**2. Calculate m(0).
-1
Let x = 1 - -5. Suppose 0 = -0*k - x*k. Let c(t) = -3*t + t - 1 + k*t - 2. Give c(-2).
1
Let t(u) = u**2 - 22*u - 18. Let c be t(23). Let d(o) = -o**2 - 3*o + 12. Determine d(c).
-28
Let v(k) = 2*k + 1. Suppose 0 = h - 5 + 3. Suppose 0 = -2*g + 6 + h. What is v(g)?
9
Let i(l) = l**2 - 10*l - 5. Let z = 1504 + -1493. Give i(z).
6
Let i(a) = -a**3 + 6*a**2 - 3*a + 9. Let l(q) = 8*q**2 - 5*q + 2. Let y be l(1). Suppose m = 11 - y. Give i(m).
-9
Let p(b) = 5*b + 10. Let g be p(-2). Let w(j) = -9*j - 7. Let s(f) = -5*f - 4. Let a(o) = 7*s(o) - 4*w(o). Give a(g).
0
Suppose 18 = 8*y - 2*y. Let m(n) = -2 - 3 - y + n**2. Let o(z) = z**2 - z - 7. Let d(t) = -6*m(t) + 7*o(t). Determine d(6).
-7
Let q(h) = -4*h - 12. Let i(y) = y + 1. Let x(b) = -6*i(b) - q(b). Let s be x(4). Let j(o) = 0 - 3 - 8 + 0 - o + 12. What is j(s)?
3
Suppose 3*f = 2*f. Let t(z) = 7*z + 17. Let x(i) = 19*i + 34. Let j(w) = w. Let a(o) = 6*j(o) - x(o). Let d(m) = -6*a(m) - 11*t(m). What is d(f)?
17
Suppose 2*d - 90 = -3*d + t, 3*d + 2*t - 67 = 0. Let s(f) = -18*f - 1 + d*f + 2 - 6. What is s(6)?
1
Let s = 3 + -5. Let v = 0 - -4. Let a(f) = 2*f - 3 + 6*f**3 - v*f - f**3 - 4*f**3 + f**2. Give a(s).
-3
Let p(v) = 3*v + 12. Let w = -1112 - -1102. Determine p(w).
-18
Let v(h) = h**3 - h**2 - h + 21. Suppose 6*j = -16 + 4. Let p be 0/((-2)/(3 + j)). What is v(p)?
21
Let v(y) = y**3 - 7*y**2 - 6*y - 10. Let h = 844 + -836. Give v(h).
6
Suppose q - 8 = -3*q. Let m(u) = q*u + 4 + 3*u + 5 - 4*u. Suppose 8*j - 4*j + 28 = 0. What is m(j)?
2
Let x(v) = 4*v**2 + 30*v + 25. Let z be x(-6). Let k(s) = -s**2 - 10*s - 8. Determine k(z).
-19
Let y(r) = r**3 - 6*r**2 + 5*r + 3. Let v = -2 + -7. Let i be 3/2*30/v. Let o = 9 + i. Give y(o).
-9
Let k(g) be the third derivative of 7/6*g**3 - 5*g**2 - 3/8*g**4 + 1/60*g**5 + 0*g + 0. Let y = -6 - -13. Determine k(y).